-o + 3764, 9*w - 2823 = 6*w - 4*o. List the prime factors of w.
941
List the prime factors of 6/(-15) + (-22729)/(-35) + 7.
2, 41
Suppose -3*w + 2*o = -40 - 56, -4*w + 130 = -2*o. Let h = w + -23. What are the prime factors of h?
11
Let w(p) be the third derivative of p**5/60 - p**4/4 - 11*p**3/3 - 8*p**2. What are the prime factors of w(9)?
5
Let s(i) = -i**3 - 12*i**2 + 6*i - 9. Let j(m) = m**3 - 6*m**2 + 7*m - 9. Let z be j(4). List the prime factors of s(z).
2, 41
Let v = -44 + 3685. List the prime factors of v.
11, 331
Let d = 1999 - 1757. What are the prime factors of d?
2, 11
Suppose 399 = -4*m - 3*f + 7683, -7280 = -4*m - 2*f. What are the prime factors of m?
2, 3, 101
Suppose -2 = 3*g - l - l, -g = 3*l - 3. Suppose -3*q + 124 = r, q - r - 46 + 2 = g. Suppose n - q = -0*n. List the prime factors of n.
2, 3, 7
Let l = -827 + 1203. What are the prime factors of l?
2, 47
Let f(m) = -35*m - 227. What are the prime factors of f(-44)?
13, 101
Let m(d) = d**2 - d. Let b(c) = -4*c - 13. Let s(k) = -k + 1. Let r(z) = b(z) - 6*s(z). Let u be r(11). What are the prime factors of m(u)?
2, 3
Let k(r) = r**2 - 14*r + 17. Let s be k(13). Suppose 9*o - s*o - 170 = 0. Suppose 2*t - 2*p = o, t - 3*p + 89 = 5*t. What are the prime factors of t?
2, 5
Let h = 201 + 168. Suppose n - 3*z - 96 = 0, -5*n = -n + 3*z - h. List the prime factors of n.
3, 31
Let h(j) = -j**2 + 10*j - 15. Let o(u) be the first derivative of 7*u**3/3 + 2*u**2 + 4*u + 2. Let s be o(-1). What are the prime factors of h(s)?
2, 3
Let s(k) = -6*k - 7. Let d be s(-2). Suppose 3*v + d*v - 216 = 0. List the prime factors of v.
3
Suppose -k - 2*m + 13 = -5*m, -k + m = -7. Let q be (7 - 5) + -3 + 1/(-1). List the prime factors of ((-7)/2)/(q/k).
7
Suppose -6*u - 12 - 6 = 0. Let f = u - -5. List the prime factors of (154/(-21))/(f/(-18)).
2, 3, 11
Let i = 1537 - 604. What are the prime factors of i?
3, 311
Let b(r) = r**3 + 16*r**2 + 12*r + 6. List the prime factors of b(4).
2, 11, 17
Suppose -11*t = -1379 - 13713. List the prime factors of t.
2, 7
Let o(j) = j**2 + 6*j - 5. Let s be o(-8). Suppose -p = -4*p + 2*c + s, -18 = -5*p + 3*c. Suppose -6 = -4*z + p*z. List the prime factors of z.
2, 3
Suppose -2*x - 4*b = -0*x - 464, -2*x + 454 = 2*b. List the prime factors of x.
2, 3, 37
Suppose 0 = -f + 156 + 316. List the prime factors of f.
2, 59
Let s be (9/45)/((-1)/(-5)). Let f be s + 5 + -2 + 1. Let z(r) = 9*r - 4. What are the prime factors of z(f)?
41
Let p(d) = d**2 - 20*d - 21. Let a be p(24). What are the prime factors of 30/a + (-2246)/(-10)?
3, 5
Suppose -2*z - 126 = -2*y, 28 = y - 4*z - 20. Suppose -2*x + 127 = 5*p, 4*p + x - y - 33 = 0. List the prime factors of p.
5
Let q = 5 - 7. Let y be (-3)/q*(2 + -8). Let x = y - -15. What are the prime factors of x?
2, 3
Suppose 4441 = 5*b + 3*m - 5*m, -4*b + 3560 = -4*m. What are the prime factors of b?
887
Suppose 0 = -3*l + 5*l - 14. What are the prime factors of 48/28 + 2/l - -87?
89
Let l = 23 - 22. Let x be (l - 68/8)*2. List the prime factors of ((-264)/30)/(6/x).
2, 11
Let t be (-2)/8 + (-1)/(-4). Suppose -5*z - 4*c + 21 = 0, z - c + 3 - 9 = t. Let j(b) = b**3 - 3*b**2 - 6*b + 4. What are the prime factors of j(z)?
2, 3
Suppose 0*z + z = -6. Let h = z - 34. Let v = h + 75. What are the prime factors of v?
5, 7
Let k(j) = j**2 + 6*j - 18. Let t be k(-10). Suppose t = d - 24. What are the prime factors of d?
2, 23
Let d(y) = 9*y**3 - 3*y + 2*y**2 - y - 10*y**3. Let n be d(4). Let j = -33 - n. List the prime factors of j.
3, 5
Suppose 0*d + y + 11 = d, -d - 4*y - 9 = 0. Let q(z) = -z + 7 - 2*z + 6*z. List the prime factors of q(d).
2, 7
List the prime factors of 1 + 5461 + 17 + (-84)/4.
2, 2729
Let f(y) = 6*y - 3*y - 2*y + 9. Let n be f(-7). Let m(c) = 6*c**2 - 2*c. What are the prime factors of m(n)?
2, 5
Let y = 1573 + -983. What are the prime factors of y?
2, 5, 59
Let t(j) = j**3 + 33*j**2 + 52*j - 55. What are the prime factors of t(-30)?
5, 7, 31
Let q = 2508 - 1119. What are the prime factors of q?
3, 463
Let r = -18 - -18. Let h(f) = 45*f**2 + 8 + r*f + 2*f - 46*f**2 + 1. What are the prime factors of h(0)?
3
Let k(v) = v**3 + 5*v**2 - v. Let g(r) = 2*r - 2. Let w be g(-1). What are the prime factors of k(w)?
2, 5
Let h be (-6)/(-4)*-10*560/(-84). Let w = -72 + h. List the prime factors of w.
2, 7
Suppose -y - 38 = 35. Let c = y + 132. List the prime factors of c.
59
Suppose 3*s - 23 = -s - 5*m, 2*m = 6. Suppose -s*f + f + 4 = 0. What are the prime factors of -6*-2*f/6?
2
Let q be (-6)/18 - (1 - (-64)/6). List the prime factors of 786*q/(-88) + (-4)/22.
107
Suppose -f = -5*s - 387, -539 = -2*f - s + 180. List the prime factors of f.
2, 181
What are the prime factors of (-2)/(-8) + -3 + 16504/32?
3, 19
Let c(z) = -8*z - 12. Let h be c(-5). Let y = h + -22. What are the prime factors of y?
2, 3
Let n(p) = 9*p**2 + 12*p + 44. What are the prime factors of n(-10)?
2, 103
Let x = 120 + -116. Suppose -3*q + 4*l = -267, -2*l = -x*l. What are the prime factors of q?
89
Suppose 0 = -25*h - 10627 + 48227. What are the prime factors of h?
2, 47
Let t(r) = -r**2 - 12*r - 1. Let w be t(-11). Suppose -5*c = -w*c + 205. What are the prime factors of c?
41
Let r = -6 - -17. Suppose 5*d - h = 62, 2 + 2 = d - 3*h. Let g = d - r. What are the prime factors of g?
2
Let l be 33/(-9) - 1/3. Let a = l + -20. Let d = a + 38. What are the prime factors of d?
2, 7
Suppose 5*g = 2*o + 370, 0 = 2*g - g + 5*o - 74. List the prime factors of 5/10 - g/(-4).
19
Suppose 0 = -3*b - 0*b, 4*t - 3*b = 8856. List the prime factors of t.
2, 3, 41
Suppose z - 8 = -4. Let u = 9 - z. Suppose 0 = p - y - 5, -p + 11 = u*y - 12. List the prime factors of p.
2
Let v = 390 - 379. What are the prime factors of v?
11
Let c(u) = u**3 + 20*u**2 + 53*u - 12. List the prime factors of c(-10).
2, 229
Suppose -8*v = -63*v + 22660. What are the prime factors of v?
2, 103
Suppose -339 = -4*i + 205. Let k = 6 + i. List the prime factors of k.
2, 71
Let w(p) = 5*p - 2. Let m(b) = b**2 - 3*b + 4. Let s(z) = 4*z**2 - 10*z + 11. Let r(g) = 7*m(g) - 2*s(g). Let n be r(0). List the prime factors of w(n).
2, 7
Suppose 0 = 3*c + 2*h - 8, 0 = 2*h + 10. Let k(a) = a**2 + 33*a + 29. Let y(g) = -8*g - 7. Let l(n) = 2*k(n) + 9*y(n). What are the prime factors of l(c)?
31
Let s = -1830 - -3118. What are the prime factors of s?
2, 7, 23
Suppose 78 + 52 = 5*a. Let g be (a/(-8))/((-10)/80). Suppose 4*v - g - 30 = 0. What are the prime factors of v?
2, 7
Let s(o) = -o**2 - 8*o - 2. Let n be s(-4). Let j(w) be the third derivative of w**5/60 - 13*w**4/24 + 8*w**3/3 - 6*w**2. List the prime factors of j(n).
2, 3, 5
Let b be 3*(2/4)/(7/(-14)). List the prime factors of b - 1/((-2)/240).
3, 13
Suppose 0 = -134*q + 138*q - 13016. What are the prime factors of q?
2, 1627
Let h = -5 + 26. Let y = -19 + h. What are the prime factors of y?
2
Let p(o) = 2284*o**2 + 9*o - 11. What are the prime factors of p(1)?
2, 7, 163
Let b(l) = -2*l**3 + 1. Suppose 5*m = 3*h + 47, 5*h + 2 + 4 = -2*m. Suppose -4 = 4*o - 4*d, m = o + 5*d + 20. What are the prime factors of b(o)?
5, 11
Let d(r) = 71*r**2 + 6*r + 34. What are the prime factors of d(-4)?
2, 3, 191
Suppose 20 = 5*r - 3*r. Suppose -4*y + 5*a - 2 = 0, 0 = -3*y + 4*y + 4*a - r. Suppose -29 = x - y*x. List the prime factors of x.
29
Let h be ((-54)/(-18))/(3/104). Suppose 29 = 7*f - h. What are the prime factors of f?
19
Let p be 6*((-2)/(16/12) - -1). What are the prime factors of 243/6*(32/p)/(-4)?
2, 3
Let x = 259 - 67. Suppose -4*p = 4*p - x. What are the prime factors of p?
2, 3
List the prime factors of ((-592)/96)/(3/(-846)).
37, 47
Let t = 26 + -24. Let g be t/((42/9)/7). Suppose 0 = k - 2, q - g*k = -4*q + 9. List the prime factors of q.
3
Suppose -h + 3 + 10 = 2*t, h - 1 = 2*t. Let p = -2 + 2. Suppose 2*c - h*c + 150 = p. List the prime factors of c.
2, 3, 5
Suppose 21*n - 98176 = -11*n. What are the prime factors of n?
2, 13, 59
Suppose -2*x + 5 = 1, 3*c - 5*x - 1478 = 0. List the prime factors of c.
2, 31
Suppose 0 = 2*h - 200 - 70. List the prime factors of h + -2 + 7 + -4.
2, 17
Let o = -995 - -1427. List the prime factors of o.
2, 3
Suppose n = -t + 2, -5*n + 4 = 4*t - 4. Suppose 4*r = -n*r + 144. What are the prime factors of r?
2, 3
Let z be (-1)/(65